at is 1 - (3 + (-5 - -2) + 3)?
-2
Evaluate 4 + -4 - -2 - (4 + -3).
1
Evaluate -3 + 4 - -1 - 0 - 3.
-1
What is the value of -1 + -1 - (22 + -22) - 4?
-6
Evaluate 2 - (3 - 2 - -6).
-5
What is the value of (-570 - -569) + (0 - (-2 - 0))?
1
Calculate 4 - ((-5 - -7) + 3 + -5).
4
What is the value of 1 + (3 + -1 - 1)?
2
What is the value of -2 - 4 - (1 + 2 + -5)?
-4
Calculate -1 + 1 + 1 + -3 - -7.
5
What is -5 + (5 - (2 - 1)) + -2?
-3
(-1 - 0) + 3 + 3 + -2
3
Evaluate 14 + -3 + (-6 - -6) + -4.
7
What is (-3 - 4) + 17 + -7 - 10?
-7
-7 - ((0 - 0 - -5) + -4)
-8
Calculate 12 + 7 + -7 + -16.
-4
What is (3 - 12) + -9 + 13 + 12?
7
-9 + 1 + 40 + -33
-1
Evaluate -10 + 7 + (7 - 0).
4
Calculate -11 + 17 - (-1 + 2 + 3).
2
9 + -7 + 4 + -3
3
What is the value of (-1 - (-4 + 2) - 6) + 3?
-2
Evaluate -2 + (14 + -8 - (1 + 0)).
3
Evaluate (-1 - (-6 - -13)) + 0.
-8
Calculate -1 + (-6 - -2) + -2 + 3.
-4
Evaluate (1 + -4 - 0) + 4.
1
Calculate (1 + 0 - 3) + (-1 - -7).
4
Evaluate 6 + -7 + (-3 - -7) - 5.
-2
Evaluate -5 + (7 + -3 + 1 - 3).
-3
Calculate -6 - (-4 + (8 - 5)).
-5
Calculate -5 + 10 + (5 - 5).
5
Calculate 4 - ((2 - -2) + 2 + 0).
-2
What is 4 + 5 + -8 + -9?
-8
Evaluate -1 + -4 + 0 - (19 + -21).
-3
Evaluate 7 + (-4 - 7) - (1 + -3).
-2
What is 2 - (-1 + 2) - (-7 + 9)?
-1
Evaluate -4 + (-5 - -12) - (-2 + 0).
5
What is the value of 13 - 5 - (-4 + 10)?
2
What is the value of -1 - 4 - -2 - (-1 - -3)?
-5
What is the value of 8 - (1 + -1 + 6)?
2
What is 2 + -1 + (-6 - -13)?
8
Calculate 0 + -1 + -4 + 1.
-4
Evaluate -13 + 18 + 0 - (-2 - -1).
6
Calculate 0 - -1 - (-40 + 37).
4
-6 - 0 - (3 - 13 - -11)
-7
Evaluate 2 - 8 - (-3 + (1 - 0)).
-4
What is 3 - (16 + -9 - 8)?
4
1 + (-5 - -2) + -2 + 11
7
What is the value of -2 + -1 + (7 - 3) + 0?
1
Calculate (1 - (0 - 1)) + 61 + -59.
4
What is the value of 2 + (0 + -13 - -8)?
-3
-2 + (-2 + 2 - 1)
-3
Evaluate (5 + -15 - 3) + (5 - 2).
-10
What is (-3 - (-1 - 8)) + (0 - 5)?
1
7 - (11 - (-9 - -14))
1
Calculate 1 + (-4 - -7 - 6).
-2
What is (-8 - (-10 - -12)) + 5?
-5
28 + -25 - (4 + 0)
-1
Evaluate 0 + (2 - -4) + -1 + -4.
1
Calculate 0 + -3 + 4 + -10 + 14.
5
What is the value of 69 - 73 - (-1 - (0 + 0))?
-3
What is 1 + 5 - (-11 - (-1 + -14))?
2
Evaluate -1 + 6 + 6 + -13.
-2
Evaluate -3 - -2 - (-10 - -14).
-5
-12 + 11 + 0 + -3
-4
What is 1 + 0 + 0 + (8 - 8)?
1
Evaluate 1 + -3 - (1 - (7 + 1)).
5
-4 + 3 + (3 - -1)
3
Evaluate -1 + 3 + 2 + -4.
0
What is the value of (-11 - -10) + 1 + 3?
3
What is -12 + 14 + (-6 - (-1 + 1))?
-4
Evaluate -2 - (-2 + 3) - (-2 - 1).
0
Calculate -4 - (1 + 2) - -3.
-4
(0 - -7) + (5 + -7 - 1)
4
Evaluate -12 + 10 + 1 + 8.
7
Calculate -2 + 2 - (13 + 4 + -18).
1
What is 2 + -13 + 17 - (-1 - -6)?
1
-10 - -5 - (1 - (-1 - -4))
-3
Calculate 2 - (7 + -5 + 9 + 1).
-10
-5 + (-4 - (5 - 9))
-5
What is the value of -1 + -3 - (-26 - -21)?
1
What is the value of -1 - -2 - (6 - (-1 + 5))?
-1
What is the value of -13 + 19 - (6 + 4)?
-4
Calculate (117 - 120) + (-6 - 0 - 1).
-10
Calculate (-4 - -1) + (-3 - -7) - 0.
1
Calculate -6 + 5 + -6 + 2 + 0.
-5
What is the value of 2 + (4 - (3 - 7 - -6))?
4
What is the value of (-6 - -9) + 1 + -3?
1
Calculate -34 + 43 - (5 + 0).
4
5 + (-1 - (1 - -2)) - -4
5
-2 - (-5 + 1) - 0
2
(-5 - -9) + (-8 - 2)
-6
Calculate -6 + 15 + -11 - -8.
6
4 + 8 - (4 - (4 - 5))
7
Evaluate -2 - ((-8 - -17) + -11).
0
What is 1 + 2 + 1 + -3?
1
6 + -11 + -3 + 0
-8
What is 0 + 9 + 0 - (6 + -1)?
4
Evaluate (-6 - (4 + -14)) + -2.
2
Evaluate (1 - -2) + -1 + -4.
-2
What is the value of (3 - -2) + -5 + -5?
-5
What is -9 - (-14 - -7) - 2?
-4
-4 + 0 - (-52 + 51)
-3
What is the value of -1 - (3 - 7 - -4)?
-1
Evaluate 3 + 5 + -4 + 1.
5
-1 - (14 - -1 - 10)
-6
What is the value of 7 + -7 + 0 + 3 + -7?
-4
Calculate (-1 - 1 - -6) + -7.
-3
What is the value of -12 - (1 + -6 + 11 + -12)?
-6
What is the value of -4 + 1 + 5 + 0?
2
Calculate -53 - -49 - (-1 - 0).
-3
What is 5 - (5 - 4 - (-4 + 4))?
4
Evaluate (-2 - -4) + 3 + (-4 - -2).
3
3 + 6 + -7 + 2
4
What is the value of (-13 - 2) + 52 + -44?
-7
Calculate 12 + (1 + -4 - 13).
-4
What is 1 + -13 + (-21 - -28)?
-5
Evaluate 2 + -14 + 2 + 10.
0
What is (1 - -1 - 4) + 3?
1
What is the value of -3 + (-1 - 1) - -5?
0
(11 - (14 - 11)) + -14
-6
Calculate 5 + 8 + -10 + 0.
3
Evaluate (67 - 55) + -1 + -2.
9
What is 2 + -3 + (-2 - 0 - -1)?
-2
What is 4 + (1 - 2) - -1?
4
Calculate -2 - (1 - (6 - 2)).
1
What is 2 - (3 - (5 + -3 - 0))?
1
What is the value of 7 - 2 - (-3 + 5)?
3
Evaluate (-1 + 2 - (7 + -2)) + 5.
1
-1 + 0 - (71 + -77)
5
Calculate -2 + (4 + -5 - 1).
-4
Evaluate 10 + -12 + 2 + -1.
-1
Evaluate -1 + -7 - (-63 + 53).
2
Calculate -6 + -2 + (0 - -6) + -4.
-6
Calculate (-13 - -27) + (-7 - 2).
5
What is (7 - (-14 - -17)) + (2 - 0)?
6
What is -3 + (-10 + (-4 - -12) - -1)?
-4
What is -2 - -2 - (13 + -10)?
-3
Evaluate 4 - (-5 + 4 + 5).
0
-8 - (5 + (-8 - 1))
-4
Calculate (-25 - -20) + (4 - 2) - -1.
-2
Evaluate (1 - -3) + (-7 - -9) + -4.
2
What is the value of 6 + 1 + -5 + (0 - -7)?
9
What is (2 - -3) + 10 + -13?
2
Calculate -2 - (-3 - (1 + -2) - -2).
-2
15 + -1 + 46 + -49 + -2
9
Evaluate (3 - (0 - -3)) + (-1 - 0).
-1
Calculate (-2 - 0) + (-5 - -4 - -2).
-1
What is -4 - 1 - (2 - (1 + 2))?
-4
What is -8 + 7 - (-2 - -1)?
0
What is 35 + -26 - (2 - -1)?
6
What is the value of 5 - (6 - 5) - (-1 - -6)?
-1
Evaluate (8 - 8) + (-7 - -2).
-5
Evaluate 3 - (-2 + 6) - (-2 - -1).
0
What is 5 - 0 - ((5 - 2) + -2)?
4
Evaluate (6 - 3) + -5 + 2.
0
Calculate 1 + 5 - (-20 + 10 + 12).
4
What is -1 - (12 + -4 - 3)?
-6
4 + 1 + -3 + 0 + 2
4
Calculate 6 + -2 - (8 + -2).
-2
What is the value of -42 + 44 - (-1 - 3)?
6
-4 - -9 - (17 + -7 - 6)
1
3 + (1 - ((2 - -3) + 2))
-3
Evaluate 2 - ((2 - 3) + (5 - 3)).
1
What is 1 - -6 - ((9 - -2) + -11)?
7
What is the value of (6 - -3 - 10) + -8 + 0?
-9
What is 2 + 2 + -8 + 6?
2
(3 - 11) + 1 - (1 + -5)
-3
-45 - -57 - (16 - -1)
-5
Calculate 4 - (-3 + (2 - (3 + -5))).
3
Calculate 1 + 1 + 47 + -46.
3
What is the value of -4 + 1 - (67 - 68)?
-2
Evaluate (-13 + 9 - (-4 + 1)) + -4.
-5
What is -8 + (-6 - -12) - (0 + -3)?
1
What is 7 + -3 - (-2 - -9)?
-3
Evaluate -3 - ((2 - -2) + -8).
1
Evaluate 8 + 7 - (0 + 11).
4
What is the value of 5 - (-8 - (-20 - -7))?
0
Evaluate -1 + (7 - 11) + 11 - 5.
1
What is the value of -7 + 14 - (21 - 5)?
-9
Evaluate (-7 + 0 - -1) + 11.
5
Calculate -1 - -1 - (2 - 7 - -2).
3
-4 + 10 + 3 + -4
5
Evaluate -3 + 1 - -2 - -3.
3
Calculate -1 + -2 + (-1 - 2) + 2.
-4
What is the value of -4 + 0 - (-11 + (7 - -3))?
-3
What is 10 - 24 - -10 - -2?
-2
What is the value of (1 - 0) + (-2 - 3 - -1)?
-3
What is 4 - (-3 + 13 - (3 - 1))?
-4
Calculate 8 + -3 - (7 + 6 + -7).
-1
2 - ((35 - 39) + 1 + 4)
1
What is 2 + (0 - (3 + -6))?
5
Calculate -10 + (4 + 3 - -4).
1
Calculate 4 + -5 - (2 + 0).
-3
What is the value of 4 + (-5 - -3) + -2?
0
Evaluate (-4 - -9) + (-4 + -4 - 3).
-6
What is 3 - (4 + 4 + -9) - 4?
0
Evaluate (19 - 19) + 1 + -3 + 10.
8
Evaluate -4 + 0 + 15 + -9 + 0.
2
What is the value of 11 + -13 + -12 + 5?
-9
Evaluate 2 + -13 + 10 - (-4 - -1).
2
What is the value of 7 - (-9 - -16 - (-1 + 4))?
3
What is the value of (-2 - -4) + -5 + -8 + 20?
9
Calculate 0 + (-3 - (-1 + -3)).
1
What is 11 + -9 + (4 - 1)?
5
Calculate (5 - -3) + -3 + -2.
3
-2 + (0 - (-6 + (3 - 3)))
4
What is -3 - (0 + 0 - (10 - 3))?
4
Calculate -2 + (2 - (1 - -4 - 1)).
-4
9 + 9 + -23 - -10
5
What is the value of -5 + -7 + 13 - 10?
-9
What is the value of 5 - (30 + -15 + -10)?
0
Calculate -6 + 3 + -2 + 1 + 3.
-1
(-4 - -1) + 0 + -2
-5
Evaluate (-4 + 5 - 0) + 8 + 0.
9
Calculate -9 - -8 - (-1 + -2) - -1.
3
What is (-3 - (-5 + 1)) + -1?
0
(6 - (3 - (-1 - -1))) + 1
4
What is the value of 0 + (-3 - -4 - 0)?
1
1 + (3 - 0) - (2 + -1)
3
Calculate 0 - -3 - 1 - (-1 - -7).
-4
(-8 - -8) + 1 + (-2 - 0)
-1
Calculate -1 - (-3 - (-8 + 0 + 2)).
-4
0 + (-7 - -6 - -3) + -4
-2
Calculate (-10 - (0 - 3)) + (6 - 4).
-5
Calculate 0 + -8 + 52 + -45.
-1
1 - -3 - (0 + 1 + 1)
2
Evaluate -1 + (1 - 3) + -4 + 6.
-1
What is (-10 - -11) + (1 - -2)?
4
Calculate 3 - (-3 + -1 + 2).
5
Calculate -1 + (-3 - -6) - 1.
1
10 + 10 + (-10 - 7)
3
6 - (5 + 0 - 4 - 2)
7
Calculate 1 - 8 - (8 + -16 - -6).
-5
Evaluate -3 + 1 - 3 - -11.
6
What is -15 + 23 + -11 + (1 - -3)?
1
6 - (2 + 3 - 10 - -6)
5
Evaluate 2 + (15 - 22) - (-3 - 1).
-1
2 + (-2 - 0) - (-23 - -20)
3
Calculate 3 + 